r) = 28*f(r) + 4*x(r). List the prime factors of s(-10).
2, 5
Suppose 5*c - 17910 = 5*a, 4481 = 5*c + 2*a - 13436. What are the prime factors of c?
3583
Suppose 0 = l - 5*l. Suppose 4*s + 4*w = -l*s - 4, -3*w = 2*s + 5. Suppose -s*q - 4 + 54 = 0. List the prime factors of q.
5
Let t = -7 + 22. Let j be (-2)/(-10) + 177/t. Let o = j - 5. What are the prime factors of o?
7
Let q(t) = t. Let i(l) = -4*l + 7. Let o(w) = -9*w + 14. Let a(z) = 5*i(z) - 2*o(z). Let p(f) = a(f) - 3*q(f). What are the prime factors of p(-3)?
2, 11
Let k = 3602 - 1738. What are the prime factors of k?
2, 233
Let x be 0*((-2)/(-4) - 0). Suppose -3*r - 3*a = -6*a - 381, x = r + 4*a - 142. List the prime factors of r.
2, 5, 13
Suppose 12*u - 1845 + 1581 = 0. What are the prime factors of u?
2, 11
Suppose 4*i = 2*f + 8, -5*i - 5*f + 0*f = 20. Suppose 3*x - 8*x + 20 = i. Let b(s) = s**3 - 2*s**2 - 5*s + 1. What are the prime factors of b(x)?
13
Let z(u) = -u**3 - 10*u**2 - 9*u - 12. Let h be z(-10). Let b = 21 - h. Let l = b - -92. List the prime factors of l.
5, 7
Let u = -56 - -58. Suppose -5*w + 96 = u*d, 5*d = 5*w + 27 + 248. List the prime factors of d.
53
Let u(b) = 335*b - 1. Let l = 21 + -22. Let f be u(l). What are the prime factors of ((-5)/4)/(12/f)?
5, 7
Let u(d) be the first derivative of -29*d**6/120 + d**5/30 + d**4/24 + 3*d**2 + 2. Let f(q) be the second derivative of u(q). List the prime factors of f(-1).
2, 3, 5
Let f = 36 + -35. Suppose 5*z - 22 = -7. Let w = z - f. What are the prime factors of w?
2
Let s = 7 - 7. Suppose s = 5*n + z - 644, 2*n + 2*n = z + 517. Suppose -n = -2*r + 5*f, r - 2*f = f + 65. List the prime factors of r.
2, 31
Let l be (6/(-7))/(5/(-210)). Let a be (-8)/l - (-164)/9. What are the prime factors of a/12*(-86)/(-3)?
43
Suppose 0 = -2*p - 1356 + 5256. What are the prime factors of p?
2, 3, 5, 13
Suppose 4*z - 80 = 6*z. Suppose 0*g + 76 = -5*g + k, 17 = -g + 2*k. List the prime factors of ((-6)/g)/((-2)/z).
2
Let d(g) = -3*g - 6. Suppose 4*j - 6*j = 6. What are the prime factors of d(j)?
3
Let g(f) = 4*f**3 - f**2. Let n be g(1). Suppose 4*l - 4*q - 312 = -l, 2*q = -n*l + 196. What are the prime factors of l?
2
Suppose 0 = -13*x + 6*x + 4781. List the prime factors of x.
683
Let u(y) = 2*y**2 - 4*y - 2. Let h(z) = z**2 - 5*z - 3. Let i be h(5). What are the prime factors of u(i)?
2, 7
Let r = -55 + 86. Suppose 10 = 2*g + 44. Let u = g + r. What are the prime factors of u?
2, 7
Let d be 3/9*(-7 - -1). What are the prime factors of (-4615)/(-78) - d/(-12)?
59
Suppose -3401 - 3457 = -9*g. What are the prime factors of g?
2, 3, 127
Let n be 8*(-10)/(-12) + 20/15. List the prime factors of (-10)/(n/2 - 6).
5
Let y = 699 + -570. List the prime factors of y.
3, 43
Let i(l) = -l**2 + 12*l - 5. Let u be i(4). Suppose w = 5*n, 2*w = -3*w - 2*n + u. Suppose -5*p + 6 = -3*p - w*s, 0 = 5*s. List the prime factors of p.
3
Let k = -6 + 46. Suppose 3*u = 32 + k. What are the prime factors of u?
2, 3
Let s(o) = -o**3 - 16*o**2 - 18*o - 43. Let b be s(-15). Let d be 2 - 62/((-4)/2). Suppose q = -b*q + d. List the prime factors of q.
11
Let q(u) = u**2 + 6*u - 5. Let r be q(-7). Let x = -35 - r. Let a = x + 53. What are the prime factors of a?
2
List the prime factors of ((-7)/2)/(1*3/(-438)).
7, 73
Let i = 1642 - 963. List the prime factors of i.
7, 97
Suppose -5*b = -m - 2*m + 117, m - 2*b = 40. List the prime factors of m.
2, 17
Let g = -21 + 9. Let i = g - -21. Suppose 0 = -4*p + i + 7. What are the prime factors of p?
2
Suppose 0*k = 4*k - 2*y - 250, -k + y = -61. List the prime factors of k.
2
Let b be 15/(-25) + (-1427)/5. Let h be b/(-14) - 18/42. List the prime factors of (1*-21)/((-12)/h).
5, 7
Let i = -962 - -1483. List the prime factors of i.
521
Suppose i + 3*s - 6*s = 17, 2*i - 9 = s. Let r = -1656 + 1815. Suppose b = 3*g - r, 0 = i*g + g - 3*b - 165. List the prime factors of g.
2, 13
List the prime factors of -2704*(-57)/42 + (-32)/(-112).
2, 5, 367
Let z = 2640 + -1489. What are the prime factors of z?
1151
Let j(o) = 4374*o**3 + 3*o**2 - 9*o + 5. What are the prime factors of j(1)?
4373
Suppose -r + 35 = 5*o, -r + 0*r = -5*o + 45. Suppose -28*c = -30*c + o. What are the prime factors of c?
2
Suppose -2*s + 0*s + 10 = v, -5*s = -4*v - 25. Suppose -4*d - 1306 = 3*w, -s*d - 2361 = 2*w - 725. List the prime factors of 4/14 + d/(-28).
2, 3
Suppose -5*f - 28 = -4*s + 1, -3*f = -4*s + 11. Let x be f/(-6)*(-4)/6. What are the prime factors of x/(1 - 0) - -21?
2, 5
Let u = -16 - -23. Suppose 0 = -m + d - 0*d + 1, 3*m + u = 5*d. List the prime factors of (m - 4) + 7 + 0.
3
Let h(x) = -x**3 + 8*x**2 - 5*x - 3. Let o be 5 - (-3 - -4) - -45. Let y be (12/14)/(7/o). What are the prime factors of h(y)?
3, 13
Let j = -76 + 129. List the prime factors of (-3 - 0)*5/((-15)/j).
53
Let u be -6*40/(-15) + -1. Let m = u + -10. What are the prime factors of m?
5
Let i = -105 - -329. What are the prime factors of i?
2, 7
Suppose -5*t + 52 = -0*t - 3*s, s + 43 = 4*t. Suppose 7*g - t*g = -80. List the prime factors of g.
2, 5
Let w = 9 + -22. What are the prime factors of w*(1 + -4 + 0)?
3, 13
Suppose -69 = -8*c - 469. List the prime factors of 320/7 - c/175.
2, 23
Suppose -3*l = 2*r - 25, -20 = 3*r - 5*r - 2*l. Let g(h) = 4*h - r - h + 2*h**2 + h**2. What are the prime factors of g(-4)?
31
Let p = 1099 + -754. What are the prime factors of p?
3, 5, 23
Let m = -3253 - -5815. What are the prime factors of m?
2, 3, 7, 61
Let p(o) = -10*o**2 + 2*o - 12. Let f(i) = -21*i**2 + 5*i - 25. Let m(r) = -6*f(r) + 13*p(r). Let j be m(-6). List the prime factors of ((-1)/1)/(9/j).
2, 7
Suppose 9 + 37 = 3*s + z, 0 = -s - 5*z - 8. Let f = s + -12. What are the prime factors of f?
5
Let s(c) = -48*c + 1. Let r be s(-1). Let m be r/21 - (-2)/(-6). Suppose m*x = -2 + 14. What are the prime factors of x?
2, 3
Suppose -60*s + 57*s = 3*u - 12501, 0 = 2*s + u - 8331. List the prime factors of s.
2, 3, 347
Let y(o) = -o**3 - 36*o**2 + 26*o + 26. List the prime factors of y(-37).
433
Let d = 93 + -124. Let f(l) = -11*l**2 - l. Let k be f(-1). Let i = k - d. List the prime factors of i.
3, 7
Suppose 7*q = 10*q - 2340. List the prime factors of q.
2, 3, 5, 13
Let p(d) = d**2 - 5*d - 3. Let a be p(6). Let y be (-5)/((-5)/(-3))*a. Let i(o) = o**3 + 10*o**2 + 8*o - 3. List the prime factors of i(y).
2, 3
Suppose -14 + 4 = -2*x. Let z(g) = -36*g. Let d(h) = 5*h. Let i(r) = 44*d(r) + 6*z(r). What are the prime factors of i(x)?
2, 5
Let h be (1 - 0) + 2 + -1. Suppose 2*m - 32 = -4*n, 30 + 22 = 5*m - 4*n. Suppose h*l + m = 142. What are the prime factors of l?
5, 13
Let x = 11 - 10. Let w be (-13 - -6) + (x - 3). Let o = 24 + w. What are the prime factors of o?
3, 5
Suppose 12*s - 3*t - 1227 = 9*s, -2*t = 0. List the prime factors of s.
409
Let d(b) = b**2 - 6*b - 70. What are the prime factors of d(-12)?
2, 73
Suppose -4*p + 3767 + 1961 = 3*n, -2*p + 3*n + 2846 = 0. What are the prime factors of p?
1429
Let w be 4/(9/(-7) + 1). Let k be (2 - 0)*w/(-4). Let s = k + 21. List the prime factors of s.
2, 7
Suppose -5*m = -0*u - 3*u + 2, 0 = 3*m - 6. Suppose -9*d + 30 = -3*d. Suppose 17 = j + u*x - d*x, -7 = j + 5*x. List the prime factors of j.
13
Suppose -d = -5*m + 34, 5*m = -0*d + 5*d + 50. Let g = -4 + m. List the prime factors of -2 + (g - -32)*1.
2
Suppose 0 = -u + 4*d - 59, 6 = -d + 4*d. Suppose -4*s - 384 = j, 3*s - 3*j = s - 192. Let k = u - s. What are the prime factors of k?
3, 5
Let d(n) = n**3 + 4*n**2 - 2*n - 8. Let v be d(-4). Suppose 3*f = -v*f - 126. Let a = f + 86. List the prime factors of a.
2, 11
Let q be 241 + -1 - 1 - -4. Let w = q + -170. What are the prime factors of w?
73
Suppose -5*s + 896 = n, -891 = -5*s + 2*n + 2*n. List the prime factors of s.
179
Suppose -21 = -3*j + 258. Let i = j + 27. List the prime factors of i.
2, 3, 5
Let v(w) = -w - 1. Let r(d) = 6*d + 2. Let m(f) = r(f) + 8*v(f). Let k(l) = l - 1. Let p be k(-5). List the prime factors of m(p).
2, 3
Let g(z) = -52*z - 7. Let h(s) = 105*s + 13. Let o(m) = -5*g(m) - 3*h(m). What are the prime factors of o(-1)?
3, 17
Let x(k) = 21*k**2 - 7*k + 0 - 27*k**2 + 12*k**2 + k**3 + 4. Let u be x(-7). Suppose 4*r + q - 17 = u*q, -3 = q. List the prime factors of r.
2
Let b = -1068 + 1689. What are the prime facto